{"id":913,"date":"2023-10-18T15:11:15","date_gmt":"2023-10-18T13:11:15","guid":{"rendered":"http:\/\/genter-steuerberatung.de\/?page_id=913"},"modified":"2023-11-03T16:58:53","modified_gmt":"2023-11-03T15:58:53","slug":"erben-schenken","status":"publish","type":"page","link":"https:\/\/genter-steuerberatung.de\/index.php\/sonderleistungen\/erben-schenken\/","title":{"rendered":"Erben &#038; Schenken"},"content":{"rendered":"\n<div id=\"wp-block-themeisle-blocks-advanced-columns-1d44478c\" class=\"wp-block-themeisle-blocks-advanced-columns alignfull has-1-columns has-desktop-equal-layout has-tablet-equal-layout has-mobile-equal-layout has-vertical-unset\"><div class=\"wp-block-themeisle-blocks-advanced-columns-overlay\"><\/div><div class=\"innerblocks-wrap\">\n<div id=\"wp-block-themeisle-blocks-advanced-column-24b42ae0\" class=\"wp-block-themeisle-blocks-advanced-column has-dark-bg\">\n<p id=\"wp-block-themeisle-blocks-advanced-heading-1aca3177\" class=\"wp-block-themeisle-blocks-advanced-heading wp-block-themeisle-blocks-advanced-heading-1aca3177\"><strong>Dipl. Kfm. (FH)&nbsp;Mario Genter \u2013 Steuerberater<\/strong><\/p>\n\n\n\n<h1 class=\"wp-block-heading has-text-align-center has-nv-text-dark-bg-color has-text-color\">Erben\/ Schenken &amp; Steuer sparen<\/h1>\n<\/div>\n<\/div><\/div>\n\n\n\n<div style=\"height:100px\" aria-hidden=\"true\" class=\"wp-block-spacer\"><\/div>\n\n\n\n<h2 class=\"wp-block-heading has-text-align-left\">Erbfolge richtig steuern &amp; <br>steuerliche Freibetr\u00e4ge nutzen!<\/h2>\n\n\n\n<div style=\"height:60px\" aria-hidden=\"true\" class=\"wp-block-spacer\"><\/div>\n\n\n\n<div id=\"wp-block-themeisle-blocks-advanced-columns-4548417d\" class=\"wp-block-themeisle-blocks-advanced-columns has-2-columns has-desktop-equal-layout has-tablet-equal-layout has-mobile-collapsedRows-layout has-vertical-unset\"><div class=\"wp-block-themeisle-blocks-advanced-columns-overlay\"><\/div><div class=\"innerblocks-wrap\">\n<div id=\"wp-block-themeisle-blocks-advanced-column-05348218\" class=\"wp-block-themeisle-blocks-advanced-column\">\n<p><strong>Gesetzliche Erbfolge vs. Testament<\/strong><\/p>\n\n\n\n<ul class=\"wp-block-list\">\n<li>Sind Sie mit der gesetzlichen Regelung einverstanden?<\/li>\n\n\n\n<li>W\u00fcnschen Sie eine individuelle Regelung der Verm\u00f6gensnachfolge?&nbsp;<\/li>\n<\/ul>\n<\/div>\n\n\n\n<div id=\"wp-block-themeisle-blocks-advanced-column-4bb42e98\" class=\"wp-block-themeisle-blocks-advanced-column\">\n<p class=\"has-text-align-left\"><strong>Die M\u00f6glichkeiten des Nie\u00dfbrauchs anwenden!<\/strong><\/p>\n\n\n\n<p class=\"has-text-align-left\">Zuwendungsnie\u00dfbrauch:&nbsp;Einkommen verlagern &amp; Einkommensteuer vermeiden Vorbehaltsnie\u00dfbrauch:&nbsp;Verm\u00f6gen \u00fcbertragen, aber Nutzungsrechte behalten<\/p>\n<\/div>\n<\/div><\/div>\n\n\n\n<div style=\"height:67px\" aria-hidden=\"true\" class=\"wp-block-spacer\"><\/div>\n\n\n<div class=\"wp-block-image\">\n<figure class=\"aligncenter size-full\"><img loading=\"lazy\" decoding=\"async\" width=\"800\" height=\"567\" src=\"https:\/\/genter-steuerberatung.de\/wp-content\/uploads\/2023\/11\/vorsicht-berliner-testament.jpg\" alt=\"\" class=\"wp-image-1409\" srcset=\"https:\/\/genter-steuerberatung.de\/wp-content\/uploads\/2023\/11\/vorsicht-berliner-testament.jpg 800w, https:\/\/genter-steuerberatung.de\/wp-content\/uploads\/2023\/11\/vorsicht-berliner-testament-300x213.jpg 300w, https:\/\/genter-steuerberatung.de\/wp-content\/uploads\/2023\/11\/vorsicht-berliner-testament-768x544.jpg 768w\" sizes=\"auto, (max-width: 800px) 100vw, 800px\" \/><\/figure>\n<\/div>\n\n\n<div style=\"height:100px\" aria-hidden=\"true\" class=\"wp-block-spacer\"><\/div>\n\n\n\n<div class=\"wp-block-buttons is-layout-flex wp-block-buttons-is-layout-flex\">\n<div class=\"wp-block-button is-style-primary\"><a class=\"wp-block-button__link has-text-align-left wp-element-button\" href=\"https:\/\/genter-steuerberatung.de\/index.php\/sonderleistungen\/\">Sonderleistungen<\/a><\/div>\n<\/div>\n\n\n\n<div style=\"height:100px\" aria-hidden=\"true\" class=\"wp-block-spacer\"><\/div>\n\n\n\n<div id=\"wp-block-themeisle-blocks-advanced-columns-47225228\" class=\"wp-block-themeisle-blocks-advanced-columns alignfull has-1-columns has-desktop-equal-layout has-tablet-equal-layout has-mobile-equal-layout has-vertical-unset\"><div class=\"wp-block-themeisle-blocks-advanced-columns-overlay\"><\/div><div class=\"innerblocks-wrap\">\n<div id=\"wp-block-themeisle-blocks-advanced-column-b6745044\" class=\"wp-block-themeisle-blocks-advanced-column has-light-bg\">\n<p id=\"wp-block-themeisle-blocks-advanced-heading-407fe3d8\" class=\"wp-block-themeisle-blocks-advanced-heading wp-block-themeisle-blocks-advanced-heading-407fe3d8\"><strong>Dipl. Kfm. (FH)&nbsp;Mario Genter \u2013 Steuerberater<\/strong><\/p>\n\n\n\n<h2 class=\"wp-block-heading has-text-align-center\">Individuelle Beratung &#8211; Erstgespr\u00e4ch vereinbaren.<\/h2>\n\n\n\n<div style=\"height:20px\" aria-hidden=\"true\" class=\"wp-block-spacer\"><\/div>\n\n\n\n<div id=\"wp-block-themeisle-blocks-button-group-266da9fb\" class=\"wp-block-themeisle-blocks-button-group wp-block-buttons align-center\">\n<div id=\"wp-block-themeisle-blocks-button-80a51641\" class=\"wp-block-themeisle-blocks-button wp-block-button\"><a href=\"https:\/\/genter-steuerberatung.de\/index.php\/kontakt\/\" target=\"_self\" rel=\"noopener noreferrer\" class=\"wp-block-button__link\"><span>Kontakt<\/span><\/a><\/div>\n<\/div>\n<\/div>\n<\/div><\/div>\n","protected":false},"excerpt":{"rendered":"<p>Erbfolge richtig steuern &amp; steuerliche Freibetr\u00e4ge nutzen!<\/p>\n","protected":false},"author":3,"featured_media":0,"parent":716,"menu_order":0,"comment_status":"closed","ping_status":"closed","template":"","meta":{"neve_meta_sidebar":"","neve_meta_container":"","neve_meta_enable_content_width":"","neve_meta_content_width":0,"neve_meta_title_alignment":"","neve_meta_author_avatar":"","neve_post_elements_order":"","neve_meta_disable_header":"","neve_meta_disable_footer":"","neve_meta_disable_title":"on","_themeisle_gutenberg_block_has_review":false,"_ti_tpc_template_sync":false,"_ti_tpc_template_id":"","footnotes":""},"class_list":["post-913","page","type-page","status-publish","hentry"],"_links":{"self":[{"href":"https:\/\/genter-steuerberatung.de\/index.php\/wp-json\/wp\/v2\/pages\/913","targetHints":{"allow":["GET"]}}],"collection":[{"href":"https:\/\/genter-steuerberatung.de\/index.php\/wp-json\/wp\/v2\/pages"}],"about":[{"href":"https:\/\/genter-steuerberatung.de\/index.php\/wp-json\/wp\/v2\/types\/page"}],"author":[{"embeddable":true,"href":"https:\/\/genter-steuerberatung.de\/index.php\/wp-json\/wp\/v2\/users\/3"}],"replies":[{"embeddable":true,"href":"https:\/\/genter-steuerberatung.de\/index.php\/wp-json\/wp\/v2\/comments?post=913"}],"version-history":[{"count":1,"href":"https:\/\/genter-steuerberatung.de\/index.php\/wp-json\/wp\/v2\/pages\/913\/revisions"}],"predecessor-version":[{"id":1410,"href":"https:\/\/genter-steuerberatung.de\/index.php\/wp-json\/wp\/v2\/pages\/913\/revisions\/1410"}],"up":[{"embeddable":true,"href":"https:\/\/genter-steuerberatung.de\/index.php\/wp-json\/wp\/v2\/pages\/716"}],"wp:attachment":[{"href":"https:\/\/genter-steuerberatung.de\/index.php\/wp-json\/wp\/v2\/media?parent=913"}],"curies":[{"name":"wp","href":"https:\/\/api.w.org\/{rel}","templated":true}]}}